he hundreds digit of k?
3
Suppose 3 = -3*s - j, -2 = s - 2*j + 6. Let z be (-3 - (-4 - -2))*s. Suppose z*y + 86 = 5*y + 4*h, -y + 32 = -2*h. What is the tens digit of y?
3
Let d = 5 + 10. Let u be ((-15)/9)/((-4)/(-60)). What is the units digit of 276/d + 10/u?
8
Suppose -s = 4*k - 1601, 2*k + 1975 = 7*k - 4*s. What is the units digit of k?
9
Suppose 3*v - 136 = -124. What is the tens digit of (96/6)/8 + v*16?
6
What is the tens digit of (64/(-10))/(0 - 1/70)?
4
Let h(w) = w**2 - w - 5. Let s be h(4). Suppose -s*x + 12 = -x. Suppose 2*r + 2*o = 52, 0*o = -x*o - 4. What is the tens digit of r?
2
Suppose -5*v + 55 = -j, 0 = 4*v - 2*v - j - 22. Let p = 83 - v. Suppose 316 - p = 5*q - 2*m, -4*q - 5*m = -182. What is the units digit of q?
8
Let g = -3231 - -6293. What is the units digit of g?
2
Let q = 95 + -38. Suppose -q = -4*k - 1. Suppose -3*l - 12 = -2*b, -2*b - 2 + k = -2*l. What is the units digit of b?
6
Suppose l = 2*z - 10, 4 = 2*z - 6. Suppose l = -2*k - 3*k + 15. Suppose 0 = -4*p - 4, 4*u - 30 = k*u - 5*p. What is the tens digit of u?
3
Let k(c) = c**3 + 14*c**2 - 19*c + 16. Let w be k(-14). Suppose -w = -q - 201. What is the tens digit of q?
8
Suppose -18*i = -14*i + 5*d - 10763, -3*i = 4*d - 8073. What is the thousands digit of i?
2
Suppose -b = 4*t - 73, 275 = 3*b - 2*t - 0*t. Let s = 13 + -9. Suppose -1 = -g, -6*k - s*g + b = -k. What is the tens digit of k?
1
Let t = -850 - -1504. What is the hundreds digit of t?
6
Suppose 2*v - 3 = -5, 2*p = -4*v - 192. Let w = 200 + p. Suppose 0*l - 4*l = 5*f - w, 18 = f + 4*l. What is the units digit of f?
2
Let f(j) = -j**3 + 5*j**2 + 4*j + 10. Let i be f(5). Let b be -6*2/8*-2 - -26. Let c = b + i. What is the tens digit of c?
5
What is the units digit of (4 - 8512/(-35))*15/6?
8
Suppose -4*p - 487 = -n, 73 - 1047 = -2*n - 2*p. What is the hundreds digit of n?
4
Let h = 3160 + -2067. What is the tens digit of h?
9
Suppose -5*z + 222 + 433 = 0. Let r be 3 + (2 - 3)*1. Suppose 4*p + 3*c = r*p + 66, -5*p + z = -c. What is the tens digit of p?
2
Suppose -11*s - 874 = -2447. Suppose 10*k + s = 1073. What is the units digit of k?
3
Let z(u) = u**2 + 8*u - 1. Let i be z(8). Let a = i - 74. Let l = 74 - a. What is the units digit of l?
1
Suppose 2*j + 412 - 74 = 0. Let a = 239 + j. What is the units digit of a?
0
Let g(t) = t**2 - 6*t + 7. Let l be g(5). Suppose a = -3*a - 4*z + 148, 2*z = l*a - 90. What is the tens digit of a?
4
Let b be (9/6 - 0)*2. Let m(o) = o - 1. Let t be m(b). Suppose -t*k = 2*d - 16, d = 5*k - 3*k + 23. What is the tens digit of d?
1
Let p = 138 + -127. Suppose -237 = -p*w + 489. What is the tens digit of w?
6
Let y(a) = -a**3 + 11*a**2 - 6*a + 24. Let z be y(7). Let q = z + -100. What is the units digit of q?
8
Let a be ((-3)/4)/((-16)/(-4992)). Let u = a + 335. What is the units digit of u?
1
Suppose 8 = 2*a + 4*o, 5*a - 20 = -0*o - 5*o. Suppose 3*d - 253 = 2*m, 2*d - 3*d + a*m = -101. What is the units digit of d?
1
Let p(x) = 21*x**3 - 1. Suppose 3*h = 4 + 2. Suppose -h*y - 5 = -7*y. What is the units digit of p(y)?
0
Suppose 0 = 8*i - 3590 + 214. Let n = i + -238. What is the units digit of n?
4
Let h = 54 + -42. Let w = -5 - -6. Let p = h - w. What is the tens digit of p?
1
Let m = 21 + -36. Let p = 27 + m. What is the tens digit of 3*5*16/p?
2
Suppose -142 = -7*k + 9*k. Let p = k + 125. What is the units digit of p?
4
Suppose c = 4*a + 19, -3*c - 4*a = -5*c + 30. Suppose -63 = -c*m + 8*m. What is the units digit of m?
1
Suppose 5*q + 2*q - 84 = 0. Suppose j - 3*j = -q. Suppose 2*y - j*y = 4*n - 108, -n - 51 = -2*y. What is the tens digit of y?
2
Suppose -6982 = -60*n + 20318. What is the hundreds digit of n?
4
Let w(p) = 145*p**2 - 2*p + 2. What is the hundreds digit of w(1)?
1
Let g = -2259 + 5653. What is the hundreds digit of g?
3
Suppose q = -3*t - 53, -t = 4*t - q + 83. Let f = -13 - t. Suppose -f*o = -o - 63. What is the units digit of o?
1
Let c = 1806 + -1186. What is the tens digit of c?
2
Let f(r) = r + 1. Let i be f(3). Suppose i = -4*h, 0*u - 2*u = h + 91. What is the units digit of 4/(-2 - 10)*u?
5
Let v(n) = 4*n**3 - 18*n**2 - 8*n + 48. What is the tens digit of v(8)?
8
Suppose 4*g = -15 + 7. Let s(u) = -12*u - 5. What is the tens digit of s(g)?
1
Suppose 3*z = 5*z. Suppose 3*u = 15 - z. Suppose u*l + 1 = -4, 4*l - 141 = -5*w. What is the units digit of w?
9
Let k be (1 + -8)*-2 + -1. Let q(a) = a + 1 + 11 - a + 13*a**2 - a**3. What is the units digit of q(k)?
2
Suppose 0 = -33*p + 35*p - 12. Suppose 0 = 9*g - p*g - 210. What is the units digit of g?
0
What is the tens digit of 2909/9 + (94/(-18) - -5)?
2
Let l be (2 + -10)*5/(-5). Suppose 0 = 3*q - l*q + 165. What is the units digit of q?
3
Suppose -2*w + 0*w - 2 = 0. What is the units digit of 4/w*11/(-11)?
4
Let t(f) = -1100*f + 41. What is the tens digit of t(-3)?
4
Suppose -301*t - 973 = -308*t. What is the hundreds digit of t?
1
Let v be 1*3 - 5/5. Suppose 24 = v*a - 5*a. What is the tens digit of 970/40 - (-2)/a?
2
Suppose 3*z + 0*z + 3*h - 12 = 0, -2*z + 2*h + 4 = 0. Suppose d - z*y - 14 = 3, 0 = -5*d + 2*y + 33. Suppose 0*k + d*k - 40 = 0. What is the units digit of k?
8
Suppose -5*x = -2*k + 30, -14 + 2 = -4*k - 2*x. Suppose -k*u - 3*y + 731 = 137, 3*u + 4*y = 352. What is the hundreds digit of u?
1
Suppose 0 = -4*z - 4*c - 16, 8 = -3*z - 0*c - 2*c. What is the units digit of (z + -11)*(-16)/8?
2
Let i = 18 - 12. Let l(k) = i*k + 3*k**2 - 3*k + 0*k - 2*k**2 - 16. What is the units digit of l(-8)?
4
Let g(t) = -11 - 1203*t - 30 + 1212*t. What is the hundreds digit of g(18)?
1
Suppose 4*u - 12 = -v, -2*u = -3*u + 3*v - 10. Let l be (u - 3)*-1 - -1. Suppose -l*x + 32 = -0*x. What is the units digit of x?
6
Suppose -p - 4*v + 1 - 15 = 0, -3*p + v = -10. Suppose f = 4*a + 130, p*a + a = -6. What is the tens digit of f?
2
Let z(j) = 2*j**2 + 3*j + 2. Let s be z(-2). Suppose -4*v + 174 = -4*w - 2, -3*w + 162 = s*v. Suppose 4*d - 5*d = -v. What is the units digit of d?
2
Suppose 16*o - 12880 = 12*o. What is the thousands digit of o?
3
Let g(r) = -r + 8. Let n be g(8). Suppose -l + 5 = -n. Let y(m) = 2*m**2 - 7*m + 1. What is the units digit of y(l)?
6
Let h be 559/(-6) - 3/(-18). Let q = h + 172. What is the units digit of q?
9
Suppose -8*w = -30 + 14. Suppose 4*k - 5*v - 1153 = 0, -w*k = -0*k - 4*v - 584. What is the tens digit of k?
8
Let k = 275 - 122. What is the tens digit of k?
5
Let d = -369 + 659. What is the tens digit of d?
9
Let s(k) = -54*k + 11. What is the tens digit of s(-6)?
3
Let f = 85 + 1059. What is the thousands digit of f?
1
Let n = 634 - 283. What is the units digit of n?
1
Let g = -43 + 67. Suppose 0*o - g = -6*o. What is the units digit of o?
4
Let t = -22 + 46. Suppose -3*p + 0*p = t. What is the units digit of (18/p)/(5/(-20))?
9
Let v(u) = u + 7. Let f be v(-8). What is the hundreds digit of ((-2747)/9 + 2/9)/f?
3
Let f = 3035 - 1747. What is the units digit of f?
8
What is the units digit of 5*(-1)/(-5)*19*29?
1
Let w(g) = -2*g**3 - 2*g**2 + 24*g + 18. What is the hundreds digit of w(-6)?
2
What is the tens digit of (28434/49)/3 + (-3)/7?
9
Let v = 4850 + -2722. What is the tens digit of v?
2
Let q(g) = 1 + g + 0 - 3*g - 2*g**2 + 3*g**2. Let p be q(1). Suppose p = -h + 2*h - 9. What is the units digit of h?
9
Let d(a) = 3*a**2 - 61*a + 23. Suppose 104 = 4*j - 2*q + 18, -q = 1. What is the tens digit of d(j)?
6
Suppose -582 = 9*q - 11*q. What is the tens digit of q?
9
Suppose -5*t + 78 = -27. Suppose -t = 4*k - 5, k + 225 = x. What is the tens digit of x?
2
Let u(p) = -p**2 + 4*p**2 + p**2 + 14*p - 5*p**2 + 7. Let j(w) = w**2 - w - 6. Let b be j(5). What is the units digit of u(b)?
7
Suppose 1 + 8 = 3*j, 0 = 5*d - 2*j + 141. Let k = 28 + d. What is the units digit of k/(1/3) - -7?
0
Suppose -i - 5 = -2*m + 2*i, -5*i = 25. Let l = 4 - m. What is the units digit of l?
9
Suppose -5*b + 51 = -164. Suppose x - 382 + 77 = -4*y, 2*x - 78 = -y. Let m = y - b. What is the tens digit of m?
3
Let u(v) = 3*v**2 + 44*v + 17. What is the tens digit of u(-23)?
9
Let y be (90/10)/(1 - 0). Suppose -r = -y - 60. What is the units digit of r?
9
Let b = -115 - -75. Let w = 153 + b. Suppose -6*s + 389 = w. What is the tens digit of s?
4
Suppose -87*b - 7670 = -113*b. What is the hundreds digi